u). Let i(z) = -2*b(z) - 5*f(z). Calculate i(-3).
16
Let d(o) be the first derivative of 1/20*o**5 - 13 - 1/2*o**3 - 3*o**2 + 10*o + 1/2*o**4. Let j(a) be the first derivative of d(a). Determine j(-6).
12
Let b(z) = -53*z - 47. Let x(y) = -16*y - 16. Let n(v) = 4*b(v) - 13*x(v). What is n(7)?
-8
Let k be (1*(3 - 4))/((-17)/(-34)). Let m(c) = -2 + 2*c + 1 - c. Let t(i) = 12*i - 3. Let r(z) = -4*m(z) + t(z). Give r(k).
-15
Let n(z) = z**2 - 10*z + 3. Let o be 5 + (-2 - 2) + 1/1. Suppose 0 = o*g - 4*g - 8, i - 12 = g. Calculate n(i).
-13
Let s(d) be the first derivative of 2*d**3/3 + d + 113. Calculate s(1).
3
Let k(j) = 14*j**2 - 85 - 79 + 165 - j + 0*j. Give k(1).
14
Let r be (3 + (-36)/20)/(8/(-20)). Let s(n) = 10*n**3 + 6*n**2 - 22*n - 6. Let x(u) = 7*u**3 + 4*u**2 - 15*u - 4. Let w(l) = -5*s(l) + 7*x(l). What is w(r)?
-4
Let z(y) = -5*y**3 + 8*y**2 + 20*y + 21. Let l(q) = 4*q**3 - 9*q**2 - 18*q - 20. Let r(i) = -4*l(i) - 3*z(i). What is r(13)?
4
Let l(y) be the second derivative of 1/6*y**3 - 3/2*y**2 - y + 0. Let c = 221 + -218. Give l(c).
0
Let h(c) = -c**3 + 11*c**2 + 6*c + 13. Let g(f) = 3*f**3 - 23*f**2 - 11*f - 27. Let d(j) = 2*g(j) + 5*h(j). Determine d(-8).
11
Let a(o) be the first derivative of -2*o**3 + 3*o**2 - 7*o + 1/4*o**4 + 9. Calculate a(5).
-2
Let z(j) = 3*j - 32. Let i be 0/26 + (-3)/((-3)/11). Let c be z(i). Let g(a) = 13*a**3 + a. Determine g(c).
14
Let w(c) = -3*c**2 + 0*c + 6*c**2 - 4*c**2 + 2 - 4*c + 0*c**2. Calculate w(-4).
2
Let n be 3/(-12) - 141/12. Let r = n - -8. Let j(p) be the first derivative of -p**4/4 - 4*p**3/3 + p**2 + 3*p - 13. Give j(r).
-5
Let f(t) = 20*t + 32. Let z(j) = 7*j + 11. Let r(h) = -6*f(h) + 17*z(h). Calculate r(-2).
-3
Suppose 2*b + 2 = 4*z, 3*z + 5 = 3*b + 5*z. Let k be b/(-3) + (1 - 5/3). Let f(g) = -8*g. Calculate f(k).
8
Let m be (-15)/(-20) - (-5)/4. Suppose 25 = 3*x + m*x. Let p(o) = o - 1. Let a(q) = -q**2 + 9*q + 3. Let h(d) = -a(d) + 4*p(d). What is h(x)?
-7
Let y(v) be the second derivative of -5*v**3/3 - v**2/2 - v. Let i be (-56)/(-126)*18/4. Let w be ((-2)/12)/(i/(-12)). What is y(w)?
-11
Let h(i) = -16*i**3 + 25*i**2 - 36*i - 42. Let c(n) = -3*n**3 + 5*n**2 - 7*n - 8. Let s(q) = -11*c(q) + 2*h(q). What is s(4)?
8
Let c(r) be the third derivative of -15*r**2 + 1/3*r**3 - 1/120*r**6 + 0 + 0*r - 1/15*r**5 + 1/6*r**4. Give c(-5).
7
Let h(v) = v**2 - v - 4. Let j be h(-2). Let r(q) = 0 + 5 + 3*q - q**j - 2. Suppose 3*w + 1 = -5. Give r(w).
-7
Let v(b) be the first derivative of b**3/3 - b**2 + 4*b + 2. Suppose -65*q = -21*q - 132. Give v(q).
7
Let c(b) = -2*b**2 - b. Let h be c(-1). Let p = -31 - -42. Let s(a) = -6*a + 1 + a - a + p*a. Give s(h).
-4
Let o(j) be the third derivative of -1/8*j**4 + 0*j + 11*j**2 - 1/6*j**3 + 0 + 1/60*j**5. Determine o(3).
-1
Let q(t) = -t + 2. Let n(u) = -u - 2. Let c(s) = -2*n(s) - q(s). Suppose 0 = -4*h + 4*w + 32, 4*h + 12 = 5*h + 3*w. Let g be (-2)/(-6) + 24/h. Determine c(g).
11
Let n(y) = -y**3 + 6*y**2 - 2*y + 9. Let m(r) = -r + 1. Let t(j) = 2*j**2 - 8*j + 5. Let a(c) = -6*m(c) + t(c). Let o be a(-2). Let h = 17 - o. Calculate n(h).
-3
Let l(x) be the third derivative of x**6/120 - x**5/12 - x**4/24 - x**3/6 + x**2. Let y(a) = 5*a**2 + 9*a - 9. Let w be y(1). Give l(w).
-6
Let k(o) = 3*o**2 - 3*o + 3. Let b(u) = u**2 - u - 2. Let h be b(0). Let d be 3 + 4/h - 2. Let m(c) = -3*c**3 - 1. Let g be m(d). Calculate k(g).
9
Let f(u) = 14*u - 284. Let d be f(19). Let b(x) = -x**3 - 17*x**2 + 18*x - 6. Calculate b(d).
-6
Suppose -a + 2*y - 29 = -6*a, 0 = 5*y + 15. Let l = -268 - -273. Suppose -2*s = -a*s - 5, -4*s = l*v + 39. Let f(z) = z**2 + 6*z - 10. Give f(v).
-3
Let n be (-5)/(15/6) + 2. Let v(d) = -d - 4 + 2*d - d + d. What is v(n)?
-4
Let l(j) = j + 2. Let v(f) = 2*f + 13. Let h(p) = -4*l(p) + v(p). Let r(y) = 1. Let t(n) = -h(n) + 6*r(n). What is t(-3)?
-5
Let g(w) = 11 - 20 + 11 + 3 - 3*w. Give g(-4).
17
Let u(l) = 6*l**3 + 2*l**2 - 4*l + 2. Let z be u(1). Let i(g) = g**3 - 5*g**2 - 7*g + 1. What is i(z)?
-5
Let g(y) be the second derivative of y**5/20 + y**4/2 + y**3/6 + y**2 + 17*y. Let t(s) = 4*s - 5*s + 2 + 2. Let d be t(10). Determine g(d).
-4
Let w(r) = -r**3 + 4*r**2 - 5. Let i be w(4). Let g = -24 + i. Let k = 36 + g. Let q(p) = -p**2 + 5*p + 6. What is q(k)?
-8
Let u(b) = -5*b**3 - b - 1. Suppose 0 = 5*w + 4*f - 20, -w - 12 = -4*w - 2*f. Let c(o) = o**2 - 5*o + 3. Let z be c(w). Determine u(z).
5
Let a(l) = 2 - 4 - l + 2*l. Let y = 14 - 24. Let q(u) = -u**2 - 11*u - 10. Let v be q(y). What is a(v)?
-2
Let t(d) be the second derivative of 9*d**5/20 - d**4/6 - d**3/3 - d**2/2 - 158*d. Calculate t(-1).
-10
Let d be (0 + 3)/((-30)/(-6) + -4). Let g(s) = -10*s - 6*s**3 + 24*s + 3*s**d - 15*s. What is g(-1)?
4
Let n(v) be the first derivative of -v**2/2 - 6*v + 3. Let k = -23 + 17. Let x be ((-6)/4)/(k/(-16)). Give n(x).
-2
Let p be ((-1)/2)/(4/(-8)). Let w = 3 + p. Let z(s) be the third derivative of s**5/60 - 7*s**4/24 - s**3/3 + 2*s**2. Determine z(w).
-14
Let c = 119 - 124. Let r(y) = -y**2 - 5*y + 2. Calculate r(c).
2
Let y(x) be the third derivative of 0 - 5/24*x**4 + 2/3*x**3 - 3*x**2 + 0*x. Determine y(3).
-11
Let w(s) = s + 25. Suppose 5*x = 501 - 501. Determine w(x).
25
Let d be (-2)/16 + 250/80. Let g(x) = 6*x**3 + x**2 + 2*x - 4*x**3 + 4 - d*x**3 - 3. Calculate g(3).
-11
Let i(m) = -m**2 - 3*m + 2. Let w(j) = -j - 5. Let u(c) = 5. Let k(s) = 3*u(s) + 2*w(s). Let b be 5/((-140)/24)*14/(-3). Let p be k(b). What is i(p)?
2
Let j(k) = 2*k**3 - 3*k**2 + 4*k - 3. Let q be (-12380)/180 + (-2)/9. Let d = -67 - q. Give j(d).
9
Let d be (-4 - (-5)/(-5)) + 0. Let j(f) = f**3 + 6*f**2 - 21. Let b be j(d). Let u(i) = i**2 - 4*i. Give u(b).
0
Let m be (-11)/22 + (-11)/(-2). Let j(f) = -6*f + 2. Let w(t) = 6 + 6*t - 17*t - 1. Let p(s) = 5*j(s) - 3*w(s). What is p(m)?
10
Let k = 1424 - 1417. Let u(p) = 2*p**2 - 17*p + 21. What is u(k)?
0
Let q(z) = -9 + z - 7 + 1 + 14. Let y(b) = b**3 + 7*b**2 - b + 1. Let u be y(-7). Give q(u).
7
Let c(t) be the first derivative of 19 - 3*t**2 - 1/3*t**3 + 4*t. Determine c(-7).
-3
Suppose 10*b - 5*b + 10 = 0. Let o(u) = 2*u + 3. Let k(p) = -p + 1. Suppose -15*q = -13*q - 2. Let v(s) = q*o(s) - 4*k(s). Give v(b).
-13
Let u(n) = 2*n - 45. Let l be u(22). Let k be l/(23/(-56) + (-18)/(-63)). Let o(t) = t**2 - 7*t - 10. Calculate o(k).
-2
Let s(v) = v**2 + 1 + 7*v + 2 - 6 + 7. What is s(-6)?
-2
Let o(y) = -y**2 - 2*y + 2. Suppose 4*a - 104 = -4*m, 0 = 5*a - 3*m - 160 + 38. Suppose q = 22 - a. What is o(q)?
-1
Let k(c) = c - 60*c**2 - 48*c**2 + 109*c**2. Give k(-3).
6
Let r(s) = -8*s - 11. Let h = -68 + 62. Let w(o) = -o. Let v(a) = h*w(a) + r(a). Determine v(-8).
5
Let a(l) be the third derivative of 0 + 7/24*l**4 + 0*l + 0*l**3 + 1/720*l**6 + 1/30*l**5 - 3*l**2. Let y(c) be the second derivative of a(c). Determine y(-3).
1
Let f = -467 - -462. Let z(d) = -d**3 - 4*d**2 + 6*d - 4. Determine z(f).
-9
Let m(o) = 5*o + 1. Let x(r) be the third derivative of r**4/24 + r**3/6 - 4*r**2. Let y(i) = m(i) - 2*x(i). Give y(-1).
-4
Let r(l) be the second derivative of -l**3/6 - 18*l**2 - 25*l - 3. What is r(0)?
-36
Let p be (-3)/3 + -2 - 4. Let d(t) be the third derivative of t**5/60 + t**4/4 - 5*t**3/3 - 22*t**2. What is d(p)?
-3
Suppose -4 = -3*q + 11. Suppose -4*v = -q*f + 16, 34 = -2*f - 5*v + 14. Let r(a) = f*a**3 - a - a**3 - 1 - 2 + a**2 + 0*a**3. What is r(0)?
-3
Let w(v) = -v - 6. Let g(p) = -p - 7. Let l(y) = 4*g(y) - 5*w(y). Suppose -3*s - 5*s - 64 = 0. Let d = s + 10. Calculate l(d).
4
Suppose 37 = -5*w + 3*a, 5*a = 5*w + 30 + 5. Let s(d) be the first derivative of 5*d + 1/3*d**3 - 6 + 4*d**2. Give s(w).
5
Let s(f) = -1. Let u(a) = a + 2. Let n(y) = s(y) + u(y). Give n(0).
1
Let y(l) = -8 + 5 + 4*l**2 + 4 + 2 - 4 - 3*l. Give y(3).
26
Let i = 165 - 145. Let t(m) = -m**2 + 19*m + 11. Determine t(i).
-9
Suppose -2*s + 67 = -j, 2*s + 3*j - 21 = 42. Let b = s - 18. Let w be 2 + b*2/(-3). Let u(k) = -k. Determine u(w).
8
Let s(b) = -48*b - 448. Let n(w) = -7*w - 64. Let a(l) = 20*n(l) - 3*s(l). Calculate a(-16).
0
Let f = -990 + 987. Let y(z) = z - 5. Give y(f).
-8
Let n(s) = -8*s**3 + s**2 - 3*s + 2. Let q be n(1). Let v(c) = -7*c - 1. Calculate v(q).
55
Let m(j) = j - 1. Suppose 8*a = -a. Suppose 0*r - 3*r + 3 